{"id":305,"date":"2025-03-11T07:53:38","date_gmt":"2025-03-11T05:53:38","guid":{"rendered":"https:\/\/payment.m.ro\/mfg\/?post_type=product&#038;p=305"},"modified":"2025-12-31T18:27:35","modified_gmt":"2025-12-31T16:27:35","slug":"abonament-zf-print-digital-bm-print-12-luni","status":"publish","type":"product","link":"https:\/\/payment.m.ro\/mfg\/?product=abonament-zf-print-digital-bm-print-12-luni","title":{"rendered":"Abonament ZF Print &#038; Digital + BM Print &#8211; 12 luni"},"content":{"rendered":"","protected":false},"excerpt":{"rendered":"<p class=\"economii\"><strong>Economise\u015fti\u00a084%\u00a0din valoarea total\u0103 a pachetului<\/strong><\/p>\n<p><strong>&#8211; edi\u0163ia tip\u0103rit\u0103 a Ziarului Financiar* (250 edi\u0163ii\/an)<\/strong><br \/>\n<strong>&#8211; edi\u0163ia tip\u0103rit\u0103 a Business Magazin (48 edi\u0163ii\/an)<\/strong><br \/>\n<strong>&#8211; peste 30 de suplimente tematice, pe industrii<\/strong><\/p>\n<hr \/>\n<p><strong>&#8211; 14 anuare Ziarul Financiar \u015fi Business Magazin \u00een format print\/e-paper, printre care \u015fi:<\/strong><\/p>\n<p style=\"padding-left: 40px;\">\u2022 Cei mai mari juc\u0103tori din economie<br \/>\n\u2022 Cei mai mari juc\u0103tori din IT \u015fi Telecom<br \/>\n\u2022 Cei mai importan\u0163i 1000 de oameni din business<br \/>\n\u2022 Top 100 cele mai valoroase companii din Rom\u00e2nia<br \/>\n\u2022 Top 100 cei mai admira\u0163i CEO etc<\/p>\n<hr \/>\n<p><strong>&#8211; acces pentru 2 utilizatori la sec\u0163iunea\u00a0<a href=\"http:\/\/www.zfcorporate.ro\/zf-print\/\" target=\"_blank\" rel=\"noopener\">ZF Print<\/a>\u00a0a site-ului ZF Corporate<\/strong><br \/>\n<strong>&#8211; acces pentru 2 utilizatori la\u00a0<a href=\"http:\/\/edition.pagesuite.com\/html5\/reader\/production\/default.aspx?pubname=&amp;edid=40ad302b-d21e-481d-918a-dcc753f6f8ea\" target=\"_blank\" rel=\"noopener\">edi\u0163ia e-paper<\/a>\u00a0a ziarului primit\u0103 cu o zi \u00eenainte<\/strong><br \/>\n<strong>&#8211;\u00a0<a href=\"http:\/\/www.zfcorporate.ro\/wikizf\/\" target=\"_blank\" rel=\"noopener\">un profil companie<\/a>\u00a0pe site-ul zf.ro \u015fi zfcorporate.ro<\/strong><\/p>\n","protected":false},"featured_media":306,"template":"","meta":[],"product_brand":[27],"product_cat":[26],"product_tag":[28,30,29],"class_list":{"0":"post-305","1":"product","2":"type-product","3":"status-publish","4":"has-post-thumbnail","6":"product_brand-ziarul-financiar","7":"product_cat-abonamente-zf-bm","8":"product_tag-abonamente","9":"product_tag-bm","10":"product_tag-zf","12":"first","13":"instock","14":"shipping-taxable","15":"purchasable","16":"product-type-simple"},"_links":{"self":[{"href":"https:\/\/payment.m.ro\/mfg\/index.php?rest_route=\/wp\/v2\/product\/305","targetHints":{"allow":["GET"]}}],"collection":[{"href":"https:\/\/payment.m.ro\/mfg\/index.php?rest_route=\/wp\/v2\/product"}],"about":[{"href":"https:\/\/payment.m.ro\/mfg\/index.php?rest_route=\/wp\/v2\/types\/product"}],"wp:featuredmedia":[{"embeddable":true,"href":"https:\/\/payment.m.ro\/mfg\/index.php?rest_route=\/wp\/v2\/media\/306"}],"wp:attachment":[{"href":"https:\/\/payment.m.ro\/mfg\/index.php?rest_route=%2Fwp%2Fv2%2Fmedia&parent=305"}],"wp:term":[{"taxonomy":"product_brand","embeddable":true,"href":"https:\/\/payment.m.ro\/mfg\/index.php?rest_route=%2Fwp%2Fv2%2Fproduct_brand&post=305"},{"taxonomy":"product_cat","embeddable":true,"href":"https:\/\/payment.m.ro\/mfg\/index.php?rest_route=%2Fwp%2Fv2%2Fproduct_cat&post=305"},{"taxonomy":"product_tag","embeddable":true,"href":"https:\/\/payment.m.ro\/mfg\/index.php?rest_route=%2Fwp%2Fv2%2Fproduct_tag&post=305"}],"curies":[{"name":"wp","href":"https:\/\/api.w.org\/{rel}","templated":true}]}}