{"id":1315,"date":"2026-04-24T08:42:42","date_gmt":"2026-04-24T06:42:42","guid":{"rendered":"https:\/\/payment.m.ro\/mfg\/?post_type=product&#038;p=1315"},"modified":"2026-04-24T08:45:02","modified_gmt":"2026-04-24T06:45:02","slug":"fee-conferinta-2-zile-zf-bankers-summit-2026","status":"publish","type":"product","link":"https:\/\/payment.m.ro\/mfg\/?product=fee-conferinta-2-zile-zf-bankers-summit-2026","title":{"rendered":"FEE Conferin\u021b\u0103 2 zile &#8211; ZF Bankers Summit 2026"},"content":{"rendered":"<p><strong>Rezerv\u0103-\u0163i un loc acum la ZF Bankers &amp; Insurance Summit 2026<\/strong><\/p>\n<blockquote>\n<div>\n<div>Early birds p\u00e2n\u0103 pe 11.05.2026<\/div>\n<div><span lang=\"EN-GB\">FEE CONFERIN\u0162\u0102 3 ZILE 119 EURO + TVA*<\/span><\/div>\n<div>FEE CONFERIN\u0162\u0102 2 ZILE 89 EURO + TVA*<\/div>\n<div>FEE CONFERIN\u0162\u0102 1 ZI 59 EURO + TVA*<\/div>\n<\/div>\n<\/blockquote>\n<div>\n<div><b><span lang=\"EN-GB\">*\u00a0Vei beneficia de:<\/span><\/b><\/div>\n<\/div>\n<blockquote>\n<div>\n<ul>\n<li>&#8211; 1 abonament pentru 3 luni pe site-ul\u00a0<a href=\"http:\/\/www.zfcorporate.ro\/\" data-cke-saved-href=\"http:\/\/www.zfcorporate.ro\">http:\/\/www.zfcorporate.ro<\/a>\u00a0sec\u0163iunea BANCI-ASIGURARI (doar la accesul pentru 3 zile)<\/li>\n<li>&#8211; Acces la toate sesiunile\u00a0 si dezbaterile din ziua evenimentului<\/li>\n<li><span lang=\"EN-GB\">&#8211; Posibilitatea de download a prezentarilor sustinute in cadrul evenimentului<\/span><\/li>\n<li><span lang=\"EN-GB\">&#8211; Networking cu partenerii potriviti pentru afacerea dumneavoastra<\/span><\/li>\n<li>&#8211; Lunch &amp; wine<\/li>\n<\/ul>\n<div><span lang=\"EN-GB\">\u00a0<\/span><\/div>\n<div><span lang=\"EN-GB\"><b>***\u00a0 \u00a0Pentru informa\u0163ii, va rugam sa ne contactati la 0726 960 542<br \/>\n**** Renuntarea la participare se face prin notificare scrisa, pana la data de 29 mai 2026. In cazul \u00een care anularea se face p\u00e2na la data de 29 mai 2026, sumele platite vor fi returnate, mai putin 35%, reprezent\u00e2nd cheltuielile administrative.<br \/>\nIn cazul \u00een care anularea se primeste dupa data de 29 mai 2026, sumele platite nu vor fi returnate.<\/b><\/span><\/div>\n<div><b><span lang=\"EN-GB\">\u00a0<\/span><\/b><\/div>\n<div>\n<hr \/>\n<p><span lang=\"EN-GB\">Prin inscrierea la eveniment va dati acordul folosirii datelor dumneavoastra in scopul invitarii la evenimentele ulterioare organizate de Ziarul Financiar, Business Magazin, alte branduri din portofoliul Businessmex SA sau parteneri ai acestora si de a primi oferte la produsele si abonamentele<\/span>Businessmex SA.<\/p>\n<\/div>\n<\/div>\n<\/blockquote>\n","protected":false},"excerpt":{"rendered":"<p style=\"font-weight: 400;\"><b>ZF Bankers Summit<\/b>, edi\u021bia a 1<span lang=\"RO\">5<\/span>-a, cel mai important eveniment din industria bancar\u0103 din Rom\u00e2nia, vine din nou \u00een prim-plan pentru edi\u021bia 2026, \u00eentr-o perioad\u0103 \u00een care lumea se confrunt\u0103 cu tot mai multe crize\/r\u0103zboaie, ceea ce afecteaz\u0103 cre\u0219terea economic\u0103 \u0219i \u00eencrederea publicului, iar, particular, \u00een Rom\u00e2nia, economia \u0219i business-ul se confrunt\u0103 cu o sc\u0103dere a ritmului de cre\u0219tere, pe fondul necesit\u0103\u021bii urgente de a corecta dezechilibrele macroeconomice \u2013 deficit fiscal, deficit comercial, deficit de cont curent.<\/p>\n","protected":false},"featured_media":0,"template":"","meta":[],"product_brand":[31],"product_cat":[32],"product_tag":[18,33],"class_list":{"0":"post-1315","1":"product","2":"type-product","3":"status-publish","5":"product_brand-evenimente-zf","6":"product_cat-zf-bankers-summit","7":"product_tag-conferinte","8":"product_tag-zf-bankers-summit","10":"first","11":"instock","12":"virtual","13":"purchasable","14":"product-type-simple"},"_links":{"self":[{"href":"https:\/\/payment.m.ro\/mfg\/index.php?rest_route=\/wp\/v2\/product\/1315","targetHints":{"allow":["GET"]}}],"collection":[{"href":"https:\/\/payment.m.ro\/mfg\/index.php?rest_route=\/wp\/v2\/product"}],"about":[{"href":"https:\/\/payment.m.ro\/mfg\/index.php?rest_route=\/wp\/v2\/types\/product"}],"wp:attachment":[{"href":"https:\/\/payment.m.ro\/mfg\/index.php?rest_route=%2Fwp%2Fv2%2Fmedia&parent=1315"}],"wp:term":[{"taxonomy":"product_brand","embeddable":true,"href":"https:\/\/payment.m.ro\/mfg\/index.php?rest_route=%2Fwp%2Fv2%2Fproduct_brand&post=1315"},{"taxonomy":"product_cat","embeddable":true,"href":"https:\/\/payment.m.ro\/mfg\/index.php?rest_route=%2Fwp%2Fv2%2Fproduct_cat&post=1315"},{"taxonomy":"product_tag","embeddable":true,"href":"https:\/\/payment.m.ro\/mfg\/index.php?rest_route=%2Fwp%2Fv2%2Fproduct_tag&post=1315"}],"curies":[{"name":"wp","href":"https:\/\/api.w.org\/{rel}","templated":true}]}}